{"id":2,"date":"2023-09-26T20:02:35","date_gmt":"2023-09-26T20:02:35","guid":{"rendered":"https:\/\/www.sigrid-hasler.at\/?page_id=2"},"modified":"2023-10-21T17:49:45","modified_gmt":"2023-10-21T17:49:45","slug":"impressum","status":"publish","type":"page","link":"https:\/\/www.sigrid-hasler.at\/?page_id=2","title":{"rendered":"Impressum"},"content":{"rendered":"\t\t<div data-elementor-type=\"wp-page\" data-elementor-id=\"2\" class=\"elementor elementor-2\">\n\t\t\t\t\t\t\t\t\t<section class=\"elementor-section elementor-top-section elementor-element elementor-element-4a80e744 elementor-section-boxed elementor-section-height-default elementor-section-height-default\" data-id=\"4a80e744\" data-element_type=\"section\">\n\t\t\t\t\t\t<div class=\"elementor-container elementor-column-gap-default\">\n\t\t\t\t\t<div class=\"elementor-column elementor-col-100 elementor-top-column elementor-element elementor-element-3bf21955\" data-id=\"3bf21955\" data-element_type=\"column\">\n\t\t\t<div class=\"elementor-widget-wrap elementor-element-populated\">\n\t\t\t\t\t\t\t\t<div class=\"elementor-element elementor-element-489bfbe6 elementor-widget__width-initial elementor-widget elementor-widget-text-editor\" data-id=\"489bfbe6\" data-element_type=\"widget\" data-widget_type=\"text-editor.default\">\n\t\t\t\t<div class=\"elementor-widget-container\">\n\t\t\t<style>\/*! elementor - v3.16.0 - 20-09-2023 *\/\n.elementor-widget-text-editor.elementor-drop-cap-view-stacked .elementor-drop-cap{background-color:#69727d;color:#fff}.elementor-widget-text-editor.elementor-drop-cap-view-framed .elementor-drop-cap{color:#69727d;border:3px solid;background-color:transparent}.elementor-widget-text-editor:not(.elementor-drop-cap-view-default) .elementor-drop-cap{margin-top:8px}.elementor-widget-text-editor:not(.elementor-drop-cap-view-default) .elementor-drop-cap-letter{width:1em;height:1em}.elementor-widget-text-editor .elementor-drop-cap{float:left;text-align:center;line-height:1;font-size:50px}.elementor-widget-text-editor .elementor-drop-cap-letter{display:inline-block}<\/style>\t\t\t\t<header style=\"box-sizing: inherit;\"><h1 style=\"box-sizing: inherit; font-size: 1.875rem; margin-bottom: 0.2em; display: var(--page-title-display);\"><span style=\"font-size: 16px; font-style: inherit; font-weight: inherit; background-color: var(--ast-global-color-5); color: var(--ast-global-color-3); font-family: 'Open Sans', sans-serif;\">Informationspflicht laut \u00a75 E-Commerce Gesetz, \u00a714 Unternehmensgesetzbuch, \u00a763 Gewerbeordnung und Offenlegungspflicht laut \u00a725 Mediengesetz.<\/span><\/h1><\/header><div style=\"box-sizing: inherit;\"><div style=\"box-sizing: inherit;\" data-elementor-type=\"wp-page\" data-elementor-id=\"2\"><section style=\"flex-basis: var(--flex-basis); flex-grow: var(--flex-grow); flex-shrink: var(--flex-shrink); order: var(--order); align-self: var(--align-self); --swiper-theme-color: #000; --swiper-navigation-size: 44px; --swiper-pagination-bullet-size: 6px; --swiper-pagination-bullet-horizontal-gap: 6px; --widgets-spacing: 20px 20px;\" data-id=\"944d9ce\" data-element_type=\"section\"><div style=\"flex-basis: var(--flex-basis); flex-grow: var(--flex-grow); flex-shrink: var(--flex-shrink); order: var(--order); align-self: var(--align-self); --swiper-theme-color: #000; --swiper-navigation-size: 44px; --swiper-pagination-bullet-size: 6px; --swiper-pagination-bullet-horizontal-gap: 6px; --widgets-spacing: 20px 20px; width: 986.562px;\" data-id=\"19348d8\" data-element_type=\"column\"><div style=\"width: 986.562px;\"><div style=\"flex-basis: var(--flex-basis); flex-grow: var(--flex-grow); flex-shrink: var(--flex-shrink); order: var(--order); align-self: var(--align-self); flex-direction: var(--flex-direction); flex-wrap: var(--flex-wrap); justify-content: var(--justify-content); align-items: var(--align-items); align-content: var(--align-content); gap: var(--gap); --swiper-theme-color: #000; --swiper-navigation-size: 44px; --swiper-pagination-bullet-size: 6px; --swiper-pagination-bullet-horizontal-gap: 6px; --widgets-spacing: 20px 20px; width: 966.562px;\" data-id=\"b7592f5\" data-element_type=\"widget\" data-widget_type=\"text-editor.default\"><div style=\"transition: background .3s,border .3s,border-radius .3s,box-shadow .3s,transform var(--e-transform-transition-duration,.4s);\"><p style=\"font-size: 16px;\">Sigrid Hasler<br \/>Heckenweg 2, T\u00fcr 1,<br \/>8510 Stainz,<br \/>\u00d6sterreich<\/p><p style=\"font-size: 16px;\"><span style=\"font-weight: bold;\">Unternehmensgegenstand:<\/span> <strong>Hilfestellung zur Erreichung einer k\u00f6rperlichen bzw. energetischen Ausgewogenheit mittels der Methode von Dr. Bach, mittels Biofeedback oder Bioresonanz, mittels Auswahl von Farben, D\u00fcften, Lichtquellen, Aromastoffen, Edelsteinen, Musik, unter Anwendung kinesiologischer Methoden, mittels Interpretation der Aura, mittels Magnetfeldanwendung, durch sanfte Ber\u00fchrung des K\u00f6rpers bzw. gezieltes Auflegen der H\u00e4nde an bestimmten K\u00f6rperstellen, mittels Cranio Sacral Balancing, durch Ber\u00fccksichtigung bioenergetischer, geobiologischer, elektrobiologischer, baubiologischer und geomantischer Gesichtspunkte, durch Ber\u00fccksichtigung der Auswirkungen der energetischen Geometrie und Lichtphysik, mittels Feng Shui, Zen, Vastu bzw. anderer lebensraumrelevanter Aspekte verschiedener Epochen und Kulturen, mittels Numerologie, mittels Wassersuche sowie radi\u00e4sthetischen Untersuchungen mit Rute, Pendel etc, mittels Wahrnehmung raumenergetischer Ph\u00e4nomene mit und ohne Ger\u00e4teunterst\u00fctzung, durch Ber\u00fccksichtigung von Planetenkonstellationen und lunaren Energien<\/strong><br \/><span style=\"font-weight: bold;\">UID-Nummer:<\/span>\u00a0ATU37001007<br \/><span style=\"font-weight: bold;\">GLN:<\/span>\u00a09110033682911<br \/><span style=\"font-weight: bold;\">GISA:<\/span>\u00a0<span style=\"color: #304c59; font-family: 'DIN Web Pro', Helvetica, Arial, sans-serif; font-size: 17px; background-color: var(--ast-global-color-5);\">36023097<\/span><\/p><p style=\"font-size: 16px;\"><span style=\"font-weight: bold;\">Tel.:<\/span>\u00a0+43 676 9274011<br \/><span style=\"font-weight: bold;\">E-Mail:<\/span>\u00a0office@sigrid-hasler.at<\/p><p style=\"font-size: 16px;\"><span style=\"font-weight: bold;\">Mitglied bei:<\/span>\u00a0WKO<br \/><span style=\"font-weight: bold;\">Berufsrecht:<\/span>\u00a0Gewerbeordnung: www.ris.bka.gv.at<\/p><p style=\"font-size: 16px;\"><span style=\"font-weight: bold;\">Aufsichtsbeh\u00f6rde\/Gewerbebeh\u00f6rde:<\/span>\u00a0Bezirkshauptmannschaft Deutschlandsberg<br \/><span style=\"font-weight: bold;\">Berufsbezeichnung:<\/span>\u00a0Humanenergetiker<br \/><span style=\"font-weight: bold;\">Verleihungsstaat:<\/span>\u00a0\u00d6sterreich<\/p><p style=\"font-size: 16px;\"><span style=\"font-weight: bold;\">Kontaktdaten des Verantwortlichen f\u00fcr Datenschutz<\/span><br \/>Sollten Sie Fragen zum Datenschutz haben, finden Sie nachfolgend die Kontaktdaten der verantwortlichen Person bzw. Stelle:<br \/>Sigrid Hasler<br \/>Heckenweg 2, T\u00fcr 1,\u00a0<span style=\"font-style: inherit; font-weight: inherit; background-color: var(--ast-global-color-5); color: var(--ast-global-color-3);\">8510 Stainz,\u00a0<\/span><span style=\"background-color: var(--ast-global-color-5); color: var(--ast-global-color-3); font-style: inherit; font-weight: inherit;\">\u00d6sterreich<\/span><\/p><p style=\"font-size: 16px;\">Vertretungsberechtigt: Sigrid Hasler<br \/>E-Mail-Adresse: office@sigrid-hasler.at<br \/>Telefon: +43 676 9274011<br \/>Impressum: https:\/\/www.sigrid-hasler.at\/impressum<\/p><h3 data-fontsize=\"24\" data-lineheight=\"36px\">EU-Streitschlichtung<\/h3><p style=\"font-size: 16px;\">Gem\u00e4\u00df Verordnung \u00fcber Online-Streitbeilegung in Verbraucherangelegenheiten (ODR-Verordnung) m\u00f6chten wir Sie \u00fcber die Online-Streitbeilegungsplattform (OS-Plattform) informieren.<br \/>Verbraucher haben die M\u00f6glichkeit, Beschwerden an die Online Streitbeilegungsplattform der Europ\u00e4ischen Kommission unter\u00a0<a href=\"https:\/\/ec.europa.eu\/consumers\/odr\/main\/index.cfm?event=main.home2.show&amp;lng=DE\" target=\"_blank\" rel=\"noopener nofollow\">http:\/\/ec.europa.eu\/odr?tid=121890394<\/a>\u00a0zu richten. Die daf\u00fcr notwendigen Kontaktdaten finden Sie oberhalb in unserem Impressum.<\/p><p style=\"font-size: 16px;\">Wir m\u00f6chten Sie jedoch darauf hinweisen, dass wir nicht bereit oder verpflichtet sind, an Streitbeilegungsverfahren vor einer Verbraucherschlichtungsstelle teilzunehmen.<\/p><h3 data-fontsize=\"24\" data-lineheight=\"36px\">Haftung f\u00fcr Inhalte dieser Website<\/h3><p style=\"font-size: 16px;\">Wir entwickeln die Inhalte dieser Website st\u00e4ndig weiter und bem\u00fchen uns korrekte und aktuelle Informationen bereitzustellen. \u00a0Leider k\u00f6nnen wir keine Haftung f\u00fcr die Korrektheit aller Inhalte auf dieser Website \u00fcbernehmen, speziell f\u00fcr jene, die seitens Dritter bereitgestellt wurden. Als Diensteanbieter sind wir nicht verpflichtet, die von ihnen \u00fcbermittelten oder gespeicherten Informationen zu \u00fcberwachen oder nach Umst\u00e4nden zu forschen, die auf eine rechtswidrige T\u00e4tigkeit hinweisen.<\/p><p style=\"font-size: 16px;\">Unsere Verpflichtungen zur Entfernung von Informationen oder zur Sperrung der Nutzung von Informationen nach den allgemeinen Gesetzen aufgrund von gerichtlichen oder beh\u00f6rdlichen Anordnungen bleiben auch im Falle unserer Nichtverantwortlichkeit davon unber\u00fchrt.<\/p><p style=\"font-size: 16px;\">Sollten Ihnen problematische oder rechtswidrige Inhalte auffallen, bitte wir Sie uns umgehend zu kontaktieren, damit wir die rechtswidrigen Inhalte entfernen k\u00f6nnen. Sie finden die Kontaktdaten im Impressum.<\/p><h3 data-fontsize=\"24\" data-lineheight=\"36px\">Haftung f\u00fcr Links auf dieser Website<\/h3><p style=\"font-size: 16px;\">Unsere Website enth\u00e4lt Links zu anderen Websites f\u00fcr deren Inhalt wir nicht verantwortlich sind. Haftung f\u00fcr verlinkte Websites besteht f\u00fcr uns nicht, da wir keine Kenntnis rechtswidriger T\u00e4tigkeiten hatten und haben, uns solche Rechtswidrigkeiten auch bisher nicht aufgefallen sind und wir Links sofort entfernen w\u00fcrden, wenn uns Rechtswidrigkeiten bekannt werden.<\/p><p style=\"font-size: 16px;\">Wenn Ihnen rechtswidrige Links auf unserer Website auffallen, bitte wir Sie uns zu kontaktieren. Sie finden die Kontaktdaten im Impressum.<\/p><h3 data-fontsize=\"24\" data-lineheight=\"36px\">Urheberrechtshinweis<\/h3><p style=\"font-size: 16px;\">Alle Inhalte dieser Webseite (Bilder, Fotos, Texte, Videos) unterliegen dem Urheberrecht. Bitte fragen Sie uns bevor Sie die Inhalte dieser Website verbreiten, vervielf\u00e4ltigen oder verwerten wie zum Beispiel auf anderen Websites erneut ver\u00f6ffentlichen. Falls notwendig, werden wir die unerlaubte Nutzung von Teilen der Inhalte unserer Seite rechtlich verfolgen.<\/p><p style=\"font-size: 16px;\">Sollten Sie auf dieser Webseite Inhalte finden, die das Urheberrecht verletzen, bitten wir Sie uns zu kontaktieren.<\/p><h3 data-fontsize=\"24\" data-lineheight=\"36px\">Bildernachweis<\/h3><p style=\"font-size: 16px;\">Die Bilder, Fotos und Grafiken auf dieser Webseite sind urheberrechtlich gesch\u00fctzt.<\/p><p style=\"font-size: 16px;\">Die Bilderrechte liegen voll und ganz bei uns.<\/p><p style=\"font-size: 16px;\">Quelle: Erstellt mit dem\u00a0<a title=\"Impressum Generator von AdSimple f\u00fcr \u00d6sterreich\" href=\"https:\/\/www.adsimple.at\/impressum-generator\/\">Impressum Generator<\/a>\u00a0von AdSimp<\/p><\/div><\/div><\/div><\/div><\/section><\/div><\/div>\t\t\t\t\t\t<\/div>\n\t\t\t\t<\/div>\n\t\t\t\t\t<\/div>\n\t\t<\/div>\n\t\t\t\t\t\t\t<\/div>\n\t\t<\/section>\n\t\t\t\t\t\t\t<\/div>\n\t\t","protected":false},"excerpt":{"rendered":"<p>Informationspflicht laut \u00a75 E-Commerce Gesetz, \u00a714 Unternehmensgesetzbuch, \u00a763 Gewerbeordnung und Offenlegungspflicht laut \u00a725 Mediengesetz. Sigrid HaslerHeckenweg 2, T\u00fcr 1,8510 Stainz,\u00d6sterreich Unternehmensgegenstand: Hilfestellung zur Erreichung einer k\u00f6rperlichen bzw. energetischen Ausgewogenheit mittels der Methode von Dr. Bach, mittels Biofeedback oder Bioresonanz, mittels Auswahl von Farben, D\u00fcften, Lichtquellen, Aromastoffen, Edelsteinen, Musik, unter Anwendung kinesiologischer Methoden, mittels Interpretation der &hellip;<\/p>\n<p class=\"read-more\"> <a class=\"\" href=\"https:\/\/www.sigrid-hasler.at\/?page_id=2\"> <span class=\"screen-reader-text\">Impressum<\/span> Weiterlesen &raquo;<\/a><\/p>\n","protected":false},"author":1,"featured_media":0,"parent":0,"menu_order":0,"comment_status":"closed","ping_status":"closed","template":"","meta":{"site-sidebar-layout":"default","site-content-layout":"default","ast-global-header-display":"","ast-main-header-display":"","ast-hfb-above-header-display":"","ast-hfb-below-header-display":"","ast-hfb-mobile-header-display":"","site-post-title":"","ast-breadcrumbs-content":"","ast-featured-img":"","footer-sml-layout":"","theme-transparent-header-meta":"","adv-header-id-meta":"","stick-header-meta":"","header-above-stick-meta":"","header-main-stick-meta":"","header-below-stick-meta":"","footnotes":""},"class_list":["post-2","page","type-page","status-publish","hentry"],"yoast_head":"<!-- This site is optimized with the Yoast SEO plugin v21.2 - https:\/\/yoast.com\/wordpress\/plugins\/seo\/ -->\n<title>Impressum - Lotus Spa<\/title>\n<meta name=\"robots\" content=\"index, follow, max-snippet:-1, max-image-preview:large, max-video-preview:-1\" \/>\n<link rel=\"canonical\" href=\"https:\/\/www.sigrid-hasler.at\/?page_id=2\" \/>\n<meta property=\"og:locale\" content=\"de_DE\" \/>\n<meta property=\"og:type\" content=\"article\" \/>\n<meta property=\"og:title\" content=\"Impressum - Lotus Spa\" \/>\n<meta property=\"og:description\" content=\"Informationspflicht laut \u00a75 E-Commerce Gesetz, \u00a714 Unternehmensgesetzbuch, \u00a763 Gewerbeordnung und Offenlegungspflicht laut \u00a725 Mediengesetz. Sigrid HaslerHeckenweg 2, T\u00fcr 1,8510 Stainz,\u00d6sterreich Unternehmensgegenstand: Hilfestellung zur Erreichung einer k\u00f6rperlichen bzw. energetischen Ausgewogenheit mittels der Methode von Dr. Bach, mittels Biofeedback oder Bioresonanz, mittels Auswahl von Farben, D\u00fcften, Lichtquellen, Aromastoffen, Edelsteinen, Musik, unter Anwendung kinesiologischer Methoden, mittels Interpretation der &hellip; Impressum Weiterlesen &raquo;\" \/>\n<meta property=\"og:url\" content=\"https:\/\/www.sigrid-hasler.at\/?page_id=2\" \/>\n<meta property=\"og:site_name\" content=\"Lotus Spa\" \/>\n<meta property=\"article:modified_time\" content=\"2023-10-21T17:49:45+00:00\" \/>\n<meta name=\"twitter:card\" content=\"summary_large_image\" \/>\n<meta name=\"twitter:label1\" content=\"Gesch\u00e4tzte Lesezeit\" \/>\n\t<meta name=\"twitter:data1\" content=\"4\u00a0Minuten\" \/>\n<script type=\"application\/ld+json\" class=\"yoast-schema-graph\">{\"@context\":\"https:\/\/schema.org\",\"@graph\":[{\"@type\":\"WebPage\",\"@id\":\"https:\/\/www.sigrid-hasler.at\/?page_id=2\",\"url\":\"https:\/\/www.sigrid-hasler.at\/?page_id=2\",\"name\":\"Impressum - Lotus Spa\",\"isPartOf\":{\"@id\":\"https:\/\/www.sigrid-hasler.at\/#website\"},\"datePublished\":\"2023-09-26T20:02:35+00:00\",\"dateModified\":\"2023-10-21T17:49:45+00:00\",\"breadcrumb\":{\"@id\":\"https:\/\/www.sigrid-hasler.at\/?page_id=2#breadcrumb\"},\"inLanguage\":\"de\",\"potentialAction\":[{\"@type\":\"ReadAction\",\"target\":[\"https:\/\/www.sigrid-hasler.at\/?page_id=2\"]}]},{\"@type\":\"BreadcrumbList\",\"@id\":\"https:\/\/www.sigrid-hasler.at\/?page_id=2#breadcrumb\",\"itemListElement\":[{\"@type\":\"ListItem\",\"position\":1,\"name\":\"Home\",\"item\":\"https:\/\/www.sigrid-hasler.at\/\"},{\"@type\":\"ListItem\",\"position\":2,\"name\":\"Impressum\"}]},{\"@type\":\"WebSite\",\"@id\":\"https:\/\/www.sigrid-hasler.at\/#website\",\"url\":\"https:\/\/www.sigrid-hasler.at\/\",\"name\":\"Lotus Spa\",\"description\":\"Lotus Spa Template\",\"publisher\":{\"@id\":\"https:\/\/www.sigrid-hasler.at\/#organization\"},\"potentialAction\":[{\"@type\":\"SearchAction\",\"target\":{\"@type\":\"EntryPoint\",\"urlTemplate\":\"https:\/\/www.sigrid-hasler.at\/?s={search_term_string}\"},\"query-input\":\"required name=search_term_string\"}],\"inLanguage\":\"de\"},{\"@type\":\"Organization\",\"@id\":\"https:\/\/www.sigrid-hasler.at\/#organization\",\"name\":\"Lotus Spa\",\"url\":\"https:\/\/www.sigrid-hasler.at\/\",\"logo\":{\"@type\":\"ImageObject\",\"inLanguage\":\"de\",\"@id\":\"https:\/\/www.sigrid-hasler.at\/#\/schema\/logo\/image\/\",\"url\":\"https:\/\/www.sigrid-hasler.at\/wp-content\/uploads\/2023\/10\/cropped-Original.png\",\"contentUrl\":\"https:\/\/www.sigrid-hasler.at\/wp-content\/uploads\/2023\/10\/cropped-Original.png\",\"width\":5000,\"height\":1669,\"caption\":\"Lotus Spa\"},\"image\":{\"@id\":\"https:\/\/www.sigrid-hasler.at\/#\/schema\/logo\/image\/\"}}]}<\/script>\n<!-- \/ Yoast SEO plugin. -->","yoast_head_json":{"title":"Impressum - Lotus Spa","robots":{"index":"index","follow":"follow","max-snippet":"max-snippet:-1","max-image-preview":"max-image-preview:large","max-video-preview":"max-video-preview:-1"},"canonical":"https:\/\/www.sigrid-hasler.at\/?page_id=2","og_locale":"de_DE","og_type":"article","og_title":"Impressum - Lotus Spa","og_description":"Informationspflicht laut \u00a75 E-Commerce Gesetz, \u00a714 Unternehmensgesetzbuch, \u00a763 Gewerbeordnung und Offenlegungspflicht laut \u00a725 Mediengesetz. Sigrid HaslerHeckenweg 2, T\u00fcr 1,8510 Stainz,\u00d6sterreich Unternehmensgegenstand: Hilfestellung zur Erreichung einer k\u00f6rperlichen bzw. energetischen Ausgewogenheit mittels der Methode von Dr. Bach, mittels Biofeedback oder Bioresonanz, mittels Auswahl von Farben, D\u00fcften, Lichtquellen, Aromastoffen, Edelsteinen, Musik, unter Anwendung kinesiologischer Methoden, mittels Interpretation der &hellip; Impressum Weiterlesen &raquo;","og_url":"https:\/\/www.sigrid-hasler.at\/?page_id=2","og_site_name":"Lotus Spa","article_modified_time":"2023-10-21T17:49:45+00:00","twitter_card":"summary_large_image","twitter_misc":{"Gesch\u00e4tzte Lesezeit":"4\u00a0Minuten"},"schema":{"@context":"https:\/\/schema.org","@graph":[{"@type":"WebPage","@id":"https:\/\/www.sigrid-hasler.at\/?page_id=2","url":"https:\/\/www.sigrid-hasler.at\/?page_id=2","name":"Impressum - Lotus Spa","isPartOf":{"@id":"https:\/\/www.sigrid-hasler.at\/#website"},"datePublished":"2023-09-26T20:02:35+00:00","dateModified":"2023-10-21T17:49:45+00:00","breadcrumb":{"@id":"https:\/\/www.sigrid-hasler.at\/?page_id=2#breadcrumb"},"inLanguage":"de","potentialAction":[{"@type":"ReadAction","target":["https:\/\/www.sigrid-hasler.at\/?page_id=2"]}]},{"@type":"BreadcrumbList","@id":"https:\/\/www.sigrid-hasler.at\/?page_id=2#breadcrumb","itemListElement":[{"@type":"ListItem","position":1,"name":"Home","item":"https:\/\/www.sigrid-hasler.at\/"},{"@type":"ListItem","position":2,"name":"Impressum"}]},{"@type":"WebSite","@id":"https:\/\/www.sigrid-hasler.at\/#website","url":"https:\/\/www.sigrid-hasler.at\/","name":"Lotus Spa","description":"Lotus Spa Template","publisher":{"@id":"https:\/\/www.sigrid-hasler.at\/#organization"},"potentialAction":[{"@type":"SearchAction","target":{"@type":"EntryPoint","urlTemplate":"https:\/\/www.sigrid-hasler.at\/?s={search_term_string}"},"query-input":"required name=search_term_string"}],"inLanguage":"de"},{"@type":"Organization","@id":"https:\/\/www.sigrid-hasler.at\/#organization","name":"Lotus Spa","url":"https:\/\/www.sigrid-hasler.at\/","logo":{"@type":"ImageObject","inLanguage":"de","@id":"https:\/\/www.sigrid-hasler.at\/#\/schema\/logo\/image\/","url":"https:\/\/www.sigrid-hasler.at\/wp-content\/uploads\/2023\/10\/cropped-Original.png","contentUrl":"https:\/\/www.sigrid-hasler.at\/wp-content\/uploads\/2023\/10\/cropped-Original.png","width":5000,"height":1669,"caption":"Lotus Spa"},"image":{"@id":"https:\/\/www.sigrid-hasler.at\/#\/schema\/logo\/image\/"}}]}},"_links":{"self":[{"href":"https:\/\/www.sigrid-hasler.at\/index.php?rest_route=\/wp\/v2\/pages\/2","targetHints":{"allow":["GET"]}}],"collection":[{"href":"https:\/\/www.sigrid-hasler.at\/index.php?rest_route=\/wp\/v2\/pages"}],"about":[{"href":"https:\/\/www.sigrid-hasler.at\/index.php?rest_route=\/wp\/v2\/types\/page"}],"author":[{"embeddable":true,"href":"https:\/\/www.sigrid-hasler.at\/index.php?rest_route=\/wp\/v2\/users\/1"}],"replies":[{"embeddable":true,"href":"https:\/\/www.sigrid-hasler.at\/index.php?rest_route=%2Fwp%2Fv2%2Fcomments&post=2"}],"version-history":[{"count":10,"href":"https:\/\/www.sigrid-hasler.at\/index.php?rest_route=\/wp\/v2\/pages\/2\/revisions"}],"predecessor-version":[{"id":1049,"href":"https:\/\/www.sigrid-hasler.at\/index.php?rest_route=\/wp\/v2\/pages\/2\/revisions\/1049"}],"wp:attachment":[{"href":"https:\/\/www.sigrid-hasler.at\/index.php?rest_route=%2Fwp%2Fv2%2Fmedia&parent=2"}],"curies":[{"name":"wp","href":"https:\/\/api.w.org\/{rel}","templated":true}]}}